{"id":33,"date":"2025-04-25T14:29:25","date_gmt":"2025-04-25T12:29:25","guid":{"rendered":"https:\/\/linema.ro\/?page_id=33"},"modified":"2025-10-08T09:54:54","modified_gmt":"2025-10-08T07:54:54","slug":"lin-ema-srl","status":"publish","type":"page","link":"https:\/\/linema.ro\/","title":{"rendered":"LIN &amp; EMA SRL"},"content":{"rendered":"\n<div class=\"wp-block-group alignwide is-vertical is-content-justification-center is-layout-flex wp-container-core-group-is-layout-9a7cdcfd wp-block-group-is-layout-flex\"><\/div>\n\n\n\n<div class=\"wp-block-group alignfull is-content-justification-center is-nowrap is-layout-flex wp-container-core-group-is-layout-94bc23d7 wp-block-group-is-layout-flex\">\n<figure class=\"wp-block-image size-full is-resized\"><img loading=\"lazy\" decoding=\"async\" width=\"500\" height=\"274\" src=\"https:\/\/linema.ro\/wp-content\/uploads\/2023\/11\/cropped-77c5e9e5-6408-43e8-8438-f204a49f4f8a.jpg\" alt=\"\" class=\"wp-image-16\" style=\"width:493px;height:auto\" srcset=\"https:\/\/linema.ro\/wp-content\/uploads\/2023\/11\/cropped-77c5e9e5-6408-43e8-8438-f204a49f4f8a.jpg 500w, https:\/\/linema.ro\/wp-content\/uploads\/2023\/11\/cropped-77c5e9e5-6408-43e8-8438-f204a49f4f8a-300x164.jpg 300w\" sizes=\"auto, (max-width: 500px) 100vw, 500px\" \/><\/figure>\n<\/div>\n\n\n\n<div class=\"wp-block-group is-content-justification-center is-nowrap is-layout-flex wp-container-core-group-is-layout-94bc23d7 wp-block-group-is-layout-flex\">\n<ul class=\"wp-block-list\" style=\"font-size:20px\">\n\n<li><strong>distribu\u021bie produse alimentare \u0219i b\u0103uturi<\/strong><\/li>\n\n\n<li><strong>www.linema.ro<\/strong><\/li>\n\n\n<li><strong>e-mail: contact@linema.ro<\/strong><\/li>\n\n\n<li><strong>telefon: 0745 651 612<\/strong><\/li>\n\n<\/ul>\n<\/div>\n\n\n\n<div style=\"height:80px\" aria-hidden=\"true\" class=\"wp-block-spacer\"><\/div>\n\n\n\n<p><p style=\"font-size:20px;\">Lin&amp;Ema este o companie specializat\u0103 \u00een distribu\u021bia de produse alimentare, dedicat\u0103 furniz\u0103rii de solu\u021bii eficiente \u0219i de \u00eencredere pentru partenerii din retail, HoReCa \u0219i alte segmente comerciale. Cu un portofoliu diversificat \u0219i o re\u021bea logistic\u0103 bine pus\u0103 la punct, Lin&amp;Ema asigur\u0103 livrarea rapid\u0103 \u0219i \u00een condi\u021bii optime a produselor, respect\u00e2nd cele mai \u00eenalte standarde de calitate \u0219i siguran\u021b\u0103 alimentar\u0103.<\/p><\/p>\n\n\n\n<p><\/p>\n\n\n\n<div style=\"height:41px\" aria-hidden=\"true\" class=\"wp-block-spacer\"><\/div>\n\n\n\n<p><p style=\"font-size:25px;\"><strong>Distribuim cu pasiune si profesionalism:<\/strong><\/p><\/p>\n\n\n\n<div class=\"wp-block-group is-layout-grid wp-container-core-group-is-layout-9649a0d9 wp-block-group-is-layout-grid\">\n<figure class=\"wp-block-image size-full\"><a href=\"https:\/\/tymbark.com\/en\/about-us\/about-the-tymbark\/\"><img loading=\"lazy\" decoding=\"async\" width=\"474\" height=\"286\" src=\"https:\/\/linema.ro\/wp-content\/uploads\/2025\/04\/OIP.jpg\" alt=\"\" class=\"wp-image-44\" srcset=\"https:\/\/linema.ro\/wp-content\/uploads\/2025\/04\/OIP.jpg 474w, https:\/\/linema.ro\/wp-content\/uploads\/2025\/04\/OIP-300x181.jpg 300w\" sizes=\"auto, (max-width: 474px) 100vw, 474px\" \/><\/a><\/figure>\n\n\n\n<figure class=\"wp-block-image size-full\"><a href=\"https:\/\/apabucovina.ro\/\/\"><img loading=\"lazy\" decoding=\"async\" width=\"471\" height=\"245\" src=\"https:\/\/linema.ro\/wp-content\/uploads\/2025\/04\/OIP-1-1.jpg\" alt=\"\" class=\"wp-image-46\" srcset=\"https:\/\/linema.ro\/wp-content\/uploads\/2025\/04\/OIP-1-1.jpg 471w, https:\/\/linema.ro\/wp-content\/uploads\/2025\/04\/OIP-1-1-300x156.jpg 300w\" sizes=\"auto, (max-width: 471px) 100vw, 471px\" \/><\/a><\/figure>\n\n\n\n<figure class=\"wp-block-image size-large wp-container-content-69bc4bdf\"><a href=\"https:\/\/danone.ro\/\"><img loading=\"lazy\" decoding=\"async\" width=\"1024\" height=\"576\" src=\"https:\/\/linema.ro\/wp-content\/uploads\/2025\/04\/R-3-1024x576.png\" alt=\"\" class=\"wp-image-54\" srcset=\"https:\/\/linema.ro\/wp-content\/uploads\/2025\/04\/R-3-1024x576.png 1024w, https:\/\/linema.ro\/wp-content\/uploads\/2025\/04\/R-3-300x169.png 300w, https:\/\/linema.ro\/wp-content\/uploads\/2025\/04\/R-3-768x432.png 768w, https:\/\/linema.ro\/wp-content\/uploads\/2025\/04\/R-3-1536x864.png 1536w, https:\/\/linema.ro\/wp-content\/uploads\/2025\/04\/R-3-2048x1152.png 2048w\" sizes=\"auto, (max-width: 1024px) 100vw, 1024px\" \/><\/a><\/figure>\n\n\n\n<figure class=\"wp-block-image size-full\"><a href=\"https:\/\/www.cafeafortuna.ro\/produse\/\"><img loading=\"lazy\" decoding=\"async\" width=\"809\" height=\"330\" src=\"https:\/\/linema.ro\/wp-content\/uploads\/2025\/04\/Logo_Cafea_Fortuna.png\" alt=\"\" class=\"wp-image-56\" srcset=\"https:\/\/linema.ro\/wp-content\/uploads\/2025\/04\/Logo_Cafea_Fortuna.png 809w, https:\/\/linema.ro\/wp-content\/uploads\/2025\/04\/Logo_Cafea_Fortuna-300x122.png 300w, https:\/\/linema.ro\/wp-content\/uploads\/2025\/04\/Logo_Cafea_Fortuna-768x313.png 768w\" sizes=\"auto, (max-width: 809px) 100vw, 809px\" \/><\/a><\/figure>\n\n\n\n<figure class=\"wp-block-image size-full\"><a href=\"https:\/\/www.perlaharghitei.ro\/despre-apa\"><img loading=\"lazy\" decoding=\"async\" width=\"400\" height=\"255\" src=\"https:\/\/linema.ro\/wp-content\/uploads\/2025\/04\/OIP-2.jpg\" alt=\"\" class=\"wp-image-51\" srcset=\"https:\/\/linema.ro\/wp-content\/uploads\/2025\/04\/OIP-2.jpg 400w, https:\/\/linema.ro\/wp-content\/uploads\/2025\/04\/OIP-2-300x191.jpg 300w\" sizes=\"auto, (max-width: 400px) 100vw, 400px\" \/><\/a><\/figure>\n\n\n\n<figure class=\"wp-block-image size-full\"><a href=\"https:\/\/gordonprod.ro\/\"><img loading=\"lazy\" decoding=\"async\" width=\"514\" height=\"343\" src=\"https:\/\/linema.ro\/wp-content\/uploads\/2025\/04\/logo.png\" alt=\"\" class=\"wp-image-291\" srcset=\"https:\/\/linema.ro\/wp-content\/uploads\/2025\/04\/logo.png 514w, https:\/\/linema.ro\/wp-content\/uploads\/2025\/04\/logo-300x200.png 300w\" sizes=\"auto, (max-width: 514px) 100vw, 514px\" \/><\/a><\/figure>\n\n\n\n<figure class=\"wp-block-image size-full\"><a href=\"https:\/\/www.transavia.ro\/povestea-fragedo\"><img loading=\"lazy\" decoding=\"async\" width=\"505\" height=\"505\" src=\"https:\/\/linema.ro\/wp-content\/uploads\/2025\/04\/logo-fragedo-en.png\" alt=\"\" class=\"wp-image-292\" srcset=\"https:\/\/linema.ro\/wp-content\/uploads\/2025\/04\/logo-fragedo-en.png 505w, https:\/\/linema.ro\/wp-content\/uploads\/2025\/04\/logo-fragedo-en-300x300.png 300w, https:\/\/linema.ro\/wp-content\/uploads\/2025\/04\/logo-fragedo-en-150x150.png 150w\" sizes=\"auto, (max-width: 505px) 100vw, 505px\" \/><\/a><\/figure>\n\n\n\n<figure class=\"wp-block-image size-full\"><a href=\"https:\/\/www.boromir.ro\/en\/faina\"><img loading=\"lazy\" decoding=\"async\" width=\"300\" height=\"300\" src=\"https:\/\/linema.ro\/wp-content\/uploads\/2025\/04\/boromir-300x300_grande-1.avif\" alt=\"\" class=\"wp-image-299\" srcset=\"https:\/\/linema.ro\/wp-content\/uploads\/2025\/04\/boromir-300x300_grande-1.avif 300w, https:\/\/linema.ro\/wp-content\/uploads\/2025\/04\/boromir-300x300_grande-1-150x150.avif 150w\" sizes=\"auto, (max-width: 300px) 100vw, 300px\" \/><\/a><\/figure>\n<\/div>\n\n\n\n<hr class=\"wp-block-separator has-alpha-channel-opacity\"\/>\n\n\n\n<div style=\"height:56px\" aria-hidden=\"true\" class=\"wp-block-spacer\"><\/div>\n\n\n\n<div class=\"wp-block-group is-content-justification-center is-nowrap is-layout-flex wp-container-core-group-is-layout-94bc23d7 wp-block-group-is-layout-flex\">\n<iframe src=\"https:\/\/www.google.com\/maps\/embed?pb=!1m18!1m12!1m3!1d2766.365576581595!2d23.60408577684501!3d46.10362197109164!2m3!1f0!2f0!3f0!3m2!1i1024!2i768!4f13.1!3m3!1m2!1s0x474ea83793470f63%3A0xe6b52d806d324775!2sLIN%20%26%20EMA%20S.R.L.!5e0!3m2!1sro!2sro!4v1745577107795!5m2!1sro!2sro\" width=\"600\" height=\"450\" style=\"border:0;\" allowfullscreen=\"\" loading=\"lazy\" referrerpolicy=\"no-referrer-when-downgrade\"><\/iframe>\n<\/div>\n\n\n\n<div style=\"height:58px\" aria-hidden=\"true\" class=\"wp-block-spacer\"><\/div>\n\n\n\n<div class=\"wp-block-group is-content-justification-center is-nowrap is-layout-flex wp-container-core-group-is-layout-94bc23d7 wp-block-group-is-layout-flex\">\n<ul class=\"wp-block-list\">\n<li><strong>ADRES\u0102: Strada Alexandru Ioan Cuza, 50. Alba Iulia <\/strong><\/li>\n\n\n\n<li><strong>TELEFON: (0745) 651 612<\/strong><\/li>\n\n\n\n<li><strong>EMAIL:<\/strong> <strong>catalinbuzdea@linema.ro<\/strong><\/li>\n\n\n\n<li><strong>EMAIL:<\/strong> <strong>contact@linema.ro<\/strong><\/li>\n<\/ul>\n<\/div>\n","protected":false},"excerpt":{"rendered":"<p>Lin&amp;Ema este o companie specializat\u0103 \u00een distribu\u021bia de produse alimentare, dedicat\u0103 furniz\u0103rii de solu\u021bii eficiente \u0219i de \u00eencredere pentru partenerii din retail, HoReCa \u0219i alte segmente comerciale. Cu un portofoliu diversificat \u0219i o re\u021bea logistic\u0103 bine pus\u0103 la punct, Lin&amp;Ema asigur\u0103 livrarea rapid\u0103 \u0219i \u00een condi\u021bii optime a produselor, respect\u00e2nd cele mai \u00eenalte standarde de [&hellip;]<\/p>\n","protected":false},"author":1,"featured_media":0,"parent":0,"menu_order":0,"comment_status":"closed","ping_status":"closed","template":"","meta":{"footnotes":""},"class_list":["post-33","page","type-page","status-publish","hentry"],"yoast_head":"<!-- This site is optimized with the Yoast SEO plugin v27.3 - https:\/\/yoast.com\/product\/yoast-seo-wordpress\/ -->\n<title>LIN &amp; EMA SRL - LIN &amp; EMA SRL<\/title>\n<meta name=\"description\" content=\"LIN&amp;EMA SRL este o companie din Rom\u00e2nia specializat\u0103 \u00een furnizarea de solu\u021bii inovative \u0219i servicii de \u00eenalt\u0103 calitate \u00een domeniul distributiei. Cu un angajament puternic fa\u021b\u0103 de satisfac\u021bia clien\u021bilor, LIN&amp;EMA SRL se remarc\u0103 prin profesionalism, expertiz\u0103 \u0219i o abordare orientat\u0103 c\u0103tre rezultate. Descoper\u0103 cum putem contribui la succesul afacerii tale!\" \/>\n<meta name=\"robots\" content=\"index, follow, max-snippet:-1, max-image-preview:large, max-video-preview:-1\" \/>\n<link rel=\"canonical\" href=\"https:\/\/linema.ro\/\" \/>\n<meta property=\"og:locale\" content=\"ro_RO\" \/>\n<meta property=\"og:type\" content=\"article\" \/>\n<meta property=\"og:title\" content=\"LIN &amp; EMA SRL - LIN &amp; EMA SRL\" \/>\n<meta property=\"og:description\" content=\"LIN&amp;EMA SRL este o companie din Rom\u00e2nia specializat\u0103 \u00een furnizarea de solu\u021bii inovative \u0219i servicii de \u00eenalt\u0103 calitate \u00een domeniul distributiei. Cu un angajament puternic fa\u021b\u0103 de satisfac\u021bia clien\u021bilor, LIN&amp;EMA SRL se remarc\u0103 prin profesionalism, expertiz\u0103 \u0219i o abordare orientat\u0103 c\u0103tre rezultate. Descoper\u0103 cum putem contribui la succesul afacerii tale!\" \/>\n<meta property=\"og:url\" content=\"https:\/\/linema.ro\/\" \/>\n<meta property=\"og:site_name\" content=\"LIN &amp; EMA SRL\" \/>\n<meta property=\"article:modified_time\" content=\"2025-10-08T07:54:54+00:00\" \/>\n<meta property=\"og:image\" content=\"https:\/\/linema.ro\/wp-content\/uploads\/2023\/11\/cropped-77c5e9e5-6408-43e8-8438-f204a49f4f8a.jpg\" \/>\n\t<meta property=\"og:image:width\" content=\"500\" \/>\n\t<meta property=\"og:image:height\" content=\"274\" \/>\n\t<meta property=\"og:image:type\" content=\"image\/jpeg\" \/>\n<meta name=\"twitter:card\" content=\"summary_large_image\" \/>\n<meta name=\"twitter:label1\" content=\"Timp estimat pentru citire\" \/>\n\t<meta name=\"twitter:data1\" content=\"3 minute\" \/>\n<script type=\"application\/ld+json\" class=\"yoast-schema-graph\">{\"@context\":\"https:\\\/\\\/schema.org\",\"@graph\":[{\"@type\":\"WebPage\",\"@id\":\"https:\\\/\\\/linema.ro\\\/\",\"url\":\"https:\\\/\\\/linema.ro\\\/\",\"name\":\"LIN &amp; EMA SRL - LIN &amp; EMA SRL\",\"isPartOf\":{\"@id\":\"https:\\\/\\\/linema.ro\\\/#website\"},\"primaryImageOfPage\":{\"@id\":\"https:\\\/\\\/linema.ro\\\/#primaryimage\"},\"image\":{\"@id\":\"https:\\\/\\\/linema.ro\\\/#primaryimage\"},\"thumbnailUrl\":\"https:\\\/\\\/linema.ro\\\/wp-content\\\/uploads\\\/2023\\\/11\\\/cropped-77c5e9e5-6408-43e8-8438-f204a49f4f8a.jpg\",\"datePublished\":\"2025-04-25T12:29:25+00:00\",\"dateModified\":\"2025-10-08T07:54:54+00:00\",\"description\":\"LIN&EMA SRL este o companie din Rom\u00e2nia specializat\u0103 \u00een furnizarea de solu\u021bii inovative \u0219i servicii de \u00eenalt\u0103 calitate \u00een domeniul distributiei. Cu un angajament puternic fa\u021b\u0103 de satisfac\u021bia clien\u021bilor, LIN&EMA SRL se remarc\u0103 prin profesionalism, expertiz\u0103 \u0219i o abordare orientat\u0103 c\u0103tre rezultate. Descoper\u0103 cum putem contribui la succesul afacerii tale!\",\"breadcrumb\":{\"@id\":\"https:\\\/\\\/linema.ro\\\/#breadcrumb\"},\"inLanguage\":\"ro-RO\",\"potentialAction\":[{\"@type\":\"ReadAction\",\"target\":[\"https:\\\/\\\/linema.ro\\\/\"]}]},{\"@type\":\"ImageObject\",\"inLanguage\":\"ro-RO\",\"@id\":\"https:\\\/\\\/linema.ro\\\/#primaryimage\",\"url\":\"https:\\\/\\\/linema.ro\\\/wp-content\\\/uploads\\\/2023\\\/11\\\/cropped-77c5e9e5-6408-43e8-8438-f204a49f4f8a.jpg\",\"contentUrl\":\"https:\\\/\\\/linema.ro\\\/wp-content\\\/uploads\\\/2023\\\/11\\\/cropped-77c5e9e5-6408-43e8-8438-f204a49f4f8a.jpg\",\"width\":500,\"height\":274},{\"@type\":\"BreadcrumbList\",\"@id\":\"https:\\\/\\\/linema.ro\\\/#breadcrumb\",\"itemListElement\":[{\"@type\":\"ListItem\",\"position\":1,\"name\":\"Prima pagin\u0103\",\"item\":\"https:\\\/\\\/linema.ro\\\/\"},{\"@type\":\"ListItem\",\"position\":2,\"name\":\"LIN &amp; EMA SRL\"}]},{\"@type\":\"WebSite\",\"@id\":\"https:\\\/\\\/linema.ro\\\/#website\",\"url\":\"https:\\\/\\\/linema.ro\\\/\",\"name\":\"LIN &amp; EMA SRL\",\"description\":\"\",\"publisher\":{\"@id\":\"https:\\\/\\\/linema.ro\\\/#organization\"},\"potentialAction\":[{\"@type\":\"SearchAction\",\"target\":{\"@type\":\"EntryPoint\",\"urlTemplate\":\"https:\\\/\\\/linema.ro\\\/?s={search_term_string}\"},\"query-input\":{\"@type\":\"PropertyValueSpecification\",\"valueRequired\":true,\"valueName\":\"search_term_string\"}}],\"inLanguage\":\"ro-RO\"},{\"@type\":\"Organization\",\"@id\":\"https:\\\/\\\/linema.ro\\\/#organization\",\"name\":\"LIN &amp; EMA SRL\",\"url\":\"https:\\\/\\\/linema.ro\\\/\",\"logo\":{\"@type\":\"ImageObject\",\"inLanguage\":\"ro-RO\",\"@id\":\"https:\\\/\\\/linema.ro\\\/#\\\/schema\\\/logo\\\/image\\\/\",\"url\":\"https:\\\/\\\/linema.ro\\\/wp-content\\\/uploads\\\/2023\\\/11\\\/cropped-WhatsApp-Image-2023-11-07-at-11.13.13.jpeg\",\"contentUrl\":\"https:\\\/\\\/linema.ro\\\/wp-content\\\/uploads\\\/2023\\\/11\\\/cropped-WhatsApp-Image-2023-11-07-at-11.13.13.jpeg\",\"width\":512,\"height\":512,\"caption\":\"LIN &amp; EMA SRL\"},\"image\":{\"@id\":\"https:\\\/\\\/linema.ro\\\/#\\\/schema\\\/logo\\\/image\\\/\"}}]}<\/script>\n<!-- \/ Yoast SEO plugin. -->","yoast_head_json":{"title":"LIN &amp; EMA SRL - LIN &amp; EMA SRL","description":"LIN&EMA SRL este o companie din Rom\u00e2nia specializat\u0103 \u00een furnizarea de solu\u021bii inovative \u0219i servicii de \u00eenalt\u0103 calitate \u00een domeniul distributiei. Cu un angajament puternic fa\u021b\u0103 de satisfac\u021bia clien\u021bilor, LIN&EMA SRL se remarc\u0103 prin profesionalism, expertiz\u0103 \u0219i o abordare orientat\u0103 c\u0103tre rezultate. Descoper\u0103 cum putem contribui la succesul afacerii tale!","robots":{"index":"index","follow":"follow","max-snippet":"max-snippet:-1","max-image-preview":"max-image-preview:large","max-video-preview":"max-video-preview:-1"},"canonical":"https:\/\/linema.ro\/","og_locale":"ro_RO","og_type":"article","og_title":"LIN &amp; EMA SRL - LIN &amp; EMA SRL","og_description":"LIN&EMA SRL este o companie din Rom\u00e2nia specializat\u0103 \u00een furnizarea de solu\u021bii inovative \u0219i servicii de \u00eenalt\u0103 calitate \u00een domeniul distributiei. Cu un angajament puternic fa\u021b\u0103 de satisfac\u021bia clien\u021bilor, LIN&EMA SRL se remarc\u0103 prin profesionalism, expertiz\u0103 \u0219i o abordare orientat\u0103 c\u0103tre rezultate. Descoper\u0103 cum putem contribui la succesul afacerii tale!","og_url":"https:\/\/linema.ro\/","og_site_name":"LIN &amp; EMA SRL","article_modified_time":"2025-10-08T07:54:54+00:00","og_image":[{"width":500,"height":274,"url":"https:\/\/linema.ro\/wp-content\/uploads\/2023\/11\/cropped-77c5e9e5-6408-43e8-8438-f204a49f4f8a.jpg","type":"image\/jpeg"}],"twitter_card":"summary_large_image","twitter_misc":{"Timp estimat pentru citire":"3 minute"},"schema":{"@context":"https:\/\/schema.org","@graph":[{"@type":"WebPage","@id":"https:\/\/linema.ro\/","url":"https:\/\/linema.ro\/","name":"LIN &amp; EMA SRL - LIN &amp; EMA SRL","isPartOf":{"@id":"https:\/\/linema.ro\/#website"},"primaryImageOfPage":{"@id":"https:\/\/linema.ro\/#primaryimage"},"image":{"@id":"https:\/\/linema.ro\/#primaryimage"},"thumbnailUrl":"https:\/\/linema.ro\/wp-content\/uploads\/2023\/11\/cropped-77c5e9e5-6408-43e8-8438-f204a49f4f8a.jpg","datePublished":"2025-04-25T12:29:25+00:00","dateModified":"2025-10-08T07:54:54+00:00","description":"LIN&EMA SRL este o companie din Rom\u00e2nia specializat\u0103 \u00een furnizarea de solu\u021bii inovative \u0219i servicii de \u00eenalt\u0103 calitate \u00een domeniul distributiei. Cu un angajament puternic fa\u021b\u0103 de satisfac\u021bia clien\u021bilor, LIN&EMA SRL se remarc\u0103 prin profesionalism, expertiz\u0103 \u0219i o abordare orientat\u0103 c\u0103tre rezultate. Descoper\u0103 cum putem contribui la succesul afacerii tale!","breadcrumb":{"@id":"https:\/\/linema.ro\/#breadcrumb"},"inLanguage":"ro-RO","potentialAction":[{"@type":"ReadAction","target":["https:\/\/linema.ro\/"]}]},{"@type":"ImageObject","inLanguage":"ro-RO","@id":"https:\/\/linema.ro\/#primaryimage","url":"https:\/\/linema.ro\/wp-content\/uploads\/2023\/11\/cropped-77c5e9e5-6408-43e8-8438-f204a49f4f8a.jpg","contentUrl":"https:\/\/linema.ro\/wp-content\/uploads\/2023\/11\/cropped-77c5e9e5-6408-43e8-8438-f204a49f4f8a.jpg","width":500,"height":274},{"@type":"BreadcrumbList","@id":"https:\/\/linema.ro\/#breadcrumb","itemListElement":[{"@type":"ListItem","position":1,"name":"Prima pagin\u0103","item":"https:\/\/linema.ro\/"},{"@type":"ListItem","position":2,"name":"LIN &amp; EMA SRL"}]},{"@type":"WebSite","@id":"https:\/\/linema.ro\/#website","url":"https:\/\/linema.ro\/","name":"LIN &amp; EMA SRL","description":"","publisher":{"@id":"https:\/\/linema.ro\/#organization"},"potentialAction":[{"@type":"SearchAction","target":{"@type":"EntryPoint","urlTemplate":"https:\/\/linema.ro\/?s={search_term_string}"},"query-input":{"@type":"PropertyValueSpecification","valueRequired":true,"valueName":"search_term_string"}}],"inLanguage":"ro-RO"},{"@type":"Organization","@id":"https:\/\/linema.ro\/#organization","name":"LIN &amp; EMA SRL","url":"https:\/\/linema.ro\/","logo":{"@type":"ImageObject","inLanguage":"ro-RO","@id":"https:\/\/linema.ro\/#\/schema\/logo\/image\/","url":"https:\/\/linema.ro\/wp-content\/uploads\/2023\/11\/cropped-WhatsApp-Image-2023-11-07-at-11.13.13.jpeg","contentUrl":"https:\/\/linema.ro\/wp-content\/uploads\/2023\/11\/cropped-WhatsApp-Image-2023-11-07-at-11.13.13.jpeg","width":512,"height":512,"caption":"LIN &amp; EMA SRL"},"image":{"@id":"https:\/\/linema.ro\/#\/schema\/logo\/image\/"}}]}},"_links":{"self":[{"href":"https:\/\/linema.ro\/index.php\/wp-json\/wp\/v2\/pages\/33","targetHints":{"allow":["GET"]}}],"collection":[{"href":"https:\/\/linema.ro\/index.php\/wp-json\/wp\/v2\/pages"}],"about":[{"href":"https:\/\/linema.ro\/index.php\/wp-json\/wp\/v2\/types\/page"}],"author":[{"embeddable":true,"href":"https:\/\/linema.ro\/index.php\/wp-json\/wp\/v2\/users\/1"}],"replies":[{"embeddable":true,"href":"https:\/\/linema.ro\/index.php\/wp-json\/wp\/v2\/comments?post=33"}],"version-history":[{"count":71,"href":"https:\/\/linema.ro\/index.php\/wp-json\/wp\/v2\/pages\/33\/revisions"}],"predecessor-version":[{"id":309,"href":"https:\/\/linema.ro\/index.php\/wp-json\/wp\/v2\/pages\/33\/revisions\/309"}],"wp:attachment":[{"href":"https:\/\/linema.ro\/index.php\/wp-json\/wp\/v2\/media?parent=33"}],"curies":[{"name":"wp","href":"https:\/\/api.w.org\/{rel}","templated":true}]}}